vative of v(f). Calculate n(0).
-2
Let r(m) = -10*m**2 + 6*m - 5. Let f be (-5 - 5)*(-2)/(-4). Let i(l) = -10*l**2 + 5*l - 4. Suppose 0 = 5*h - 7*h + 8. Let o(u) = f*i(u) + h*r(u). Give o(-1).
11
Let w(l) = 5*l**3 + 2*l**2 - 9*l - 3. Let d(p) = -6*p**3 - 2*p**2 + 10*p + 4. Let n(k) = 4*d(k) + 5*w(k). Calculate n(-4).
-11
Let p(j) = -j**2 - 1. Suppose 6*g = 2*g + z + 4, 5*g = -4*z + 26. Suppose 2*b - g = -0*b. Calculate p(b).
-2
Let w(z) = -2*z + 3 - 1 + 2. Suppose 4 + 0 = o. Give w(o).
-4
Let i(o) = -4*o + 2. Let u be i(4). Let m = u + 20. Let q(f) = f**2 + f. Let h(g) = 4*g**2 + 10*g + 2. Let b(t) = h(t) - 5*q(t). Calculate b(m).
-4
Let y(v) = v + 9. Suppose 5*l + 19 + 15 = 2*m, -m = -4*l - 29. Calculate y(l).
1
Let b(l) = l**2 - 5*l - 5. Let x(a) = a**2 - a - 3. Let s be x(3). Suppose q + q - 30 = -4*w, -q + s = -w. Determine b(q).
9
Let s(z) = 5*z - 3 - 40*z**2 + 19*z**2 + 16*z**2 - z**3. Calculate s(-6).
3
Let y(l) be the third derivative of 0 - 1/12*l**4 + 3*l**2 + 0*l + 5/6*l**3. What is y(5)?
-5
Let z = 3 - 0. Suppose -z*k + 6*k + 6 = 0. Let t(o) = -5*o + 4. Let l(j) = -j + 1. Let h(q) = -6*l(q) + t(q). Calculate h(k).
-4
Let x(b) be the first derivative of 1/12*b**4 - 2 - 5/6*b**3 + 3*b**2 - 2*b. Let h(j) be the first derivative of x(j). Calculate h(4).
2
Suppose -19*y = -20*y + 4. Let h(b) be the second derivative of -b**4/12 + b**3/6 + b**2/2 - b. Calculate h(y).
-11
Let m(c) = -3 + 0 + 3 - c. Calculate m(5).
-5
Let j(l) be the first derivative of l**4/4 + l**3 - l**2/2 - 4*l + 2. Suppose -4 = -w - c, 10*c - 5*c - 11 = -2*w. Let k be 1 + -3 + w/(-3). Determine j(k).
-1
Let g be (-1 + -1 + 3)*(-8)/2. Let t(f) = f - 4. What is t(g)?
-8
Let n(o) = o**3 - o**2 - 5. Let p be -1 + 10/12 + 18/108. Determine n(p).
-5
Let r(v) = 7*v**2 + 2*v - 7. Let g(j) = -3*j**2 - j + 3. Let f(q) = -5*g(q) - 2*r(q). Let p be f(1). Let b(c) = c**2 - 6*c**2 + 1 + c - 2*c. Give b(p).
-5
Let l(z) = z + 2. Let d be l(0). Let h = -3 + d. Let t(f) = 9*f**2 - 6*f - 5. Let i(s) = -s**2 + s + 1. Let p(r) = 4*i(r) + t(r). Determine p(h).
6
Let m(c) be the third derivative of c**5/30 - 3*c**4/8 + 7*c**3/6 - 21*c**2. Determine m(6).
25
Let f(b) = -2 + 10*b + 2*b**2 + 15*b + 3 - 24*b. Calculate f(2).
11
Let s(l) = 3*l - 4. Suppose -y = y + 14. Let v(o) = 2*o - 2. Let j be v(3). Let x = y + j. Calculate s(x).
-13
Let w(j) be the second derivative of -j**3/6 + 5*j**2 - 25*j. Determine w(0).
10
Let j = -30 + 31. Let z(d) = 3*d - 1. Determine z(j).
2
Let x(n) = n**3 + 6*n**2 + 6*n + 7. Suppose 4*u = u + 2*g - 21, -5*g = -u - 20. Determine x(u).
2
Let l = -5 + 11. Let p(k) be the second derivative of -k**4/12 + 5*k**3/6 + k**2/2 - 91*k. Give p(l).
-5
Suppose 4*b - 30 = -b. Let t(m) = -m**3 + 5*m**2 + 5*m - 4. Calculate t(b).
-10
Let m(f) = -9*f**3. Let j = 15 + -14. What is m(j)?
-9
Suppose -3*a + 0 = -3*u - 6, 0 = 4*u + 3*a - 6. Suppose u = -5*t + 5*x + 5, 3*x + 3 = t + 4*x. Let q(v) = v**3 - v - 2*v**t + 4*v**3 - 4*v**3. Calculate q(-1).
-2
Let q(h) = -h**3 - 3*h**2 - 4*h - 2. Let c(z) = -z**3 + 11*z**2 + z - 7. Let m be c(11). Suppose 5*g - j = 3*j - 14, m*j - 6 = g. Give q(g).
2
Let q = 1 - -2. Let v(m) be the second derivative of -m**4/12 + m**3/6 + 2*m**2 - m. Determine v(q).
-2
Let j = -12 + 16. Let s(l) = 4*l + 4*l - 3*l - j*l. Let c = 1 + -1. What is s(c)?
0
Let f(a) = -5*a + 1 + 6*a - a**2 - 2*a**2. What is f(-1)?
-3
Suppose 5*h + 4*u = -8, h - 3*u - 1 = 5. Let p(j) = j + 9. Calculate p(h).
9
Let x be (1 + 6 + -1)*1. Let m(c) = -2*c + 6. Give m(x).
-6
Let p(k) = 2*k + 1. Let g(b) = 3*b + 1. Let j be (-1)/(-4) + (-51)/12. Let n(t) = j*p(t) + 3*g(t). Let o(q) = 8*q - 8. Let m(h) = -6*n(h) + o(h). Give m(2).
2
Let q(w) = 2. Let k(h) = -h**2 + 11*h + 14. Let c(n) = k(n) - 2*q(n). Give c(12).
-2
Let h(c) = -c**2 + 4*c - 4. Let r be h(3). Let z be r*5/(10/(-12)). Let q(p) = -2*p + 8. Determine q(z).
-4
Let y(p) = -p**2 - 6*p - 3. Suppose -2*r + 5*b + 19 = 0, -2*r + 7 = -0*r - b. Let m be r/11 + 168/(-77). What is y(m)?
5
Let b(r) = r. Suppose 4*v - v = 18. Calculate b(v).
6
Let q(j) be the second derivative of -j**3/3 - j**2/2 + j. Give q(-3).
5
Suppose -5*r + 35 = -35. Suppose -3*k - 14 = 5*x, -k - x = -4*x - r. Let d(z) = 3*z + 0*z**2 - 1 + 5*z**2 - 5*z**k - 2*z**2. What is d(2)?
-3
Let n(g) = 2*g + 2. Suppose l + l - 33 = -h, -5*h = -5*l + 75. Suppose -l = 7*f - 3*f. Determine n(f).
-6
Let r = -11 + 8. Let w(h) = h. Calculate w(r).
-3
Let b(p) = -p + 5. Suppose -5*s + 0*i = i - 5, -i = s - 5. What is b(s)?
5
Let w(l) = -l**3 + 6*l**2 + l - 3. Let y be w(6). Suppose j = y - 0. Let b(c) = -2*c**2 - 1 - 2*c + j*c**3 + 3*c - 2*c**3. Give b(1).
-1
Suppose -2*c - 2 + 6 = 0. Let j(m) = m**2 + m - 2. Determine j(c).
4
Suppose -4*m + 2*m = -4*r - 6, 3*m + r + 26 = 0. Let q(i) = i**2 + 7*i - 5. What is q(m)?
-5
Let g(u) = 7*u**2 - 12*u - 5. Let h(r) = 6*r**2 - 11*r - 4. Let n(b) = -5*g(b) + 6*h(b). Calculate n(6).
1
Let x(n) = -n + 5*n**2 + 7*n**2 - 25*n**2 + 9*n**2 + 2. Determine x(2).
-16
Let m(d) = -94*d + 47*d + 4 + 48*d. Give m(-5).
-1
Suppose s - 35 = -5*t + 6*s, 5*s + 33 = 4*t. Let x(m) = -6*m + 1. Give x(t).
-11
Let a(u) be the third derivative of -1/6*u**3 - 2*u**2 - 1/12*u**4 + 0*u + 0. Determine a(-1).
1
Suppose 5*x = -5*m + 45, 3*m = -4*x + 13 + 18. Let j(d) = -d**2 + 4*d + 3. Give j(x).
3
Let y(d) = d**3 - 2*d**2 - 2*d + 4. Let c be -1 + (3 - 5)*-2. Determine y(c).
7
Let r = 0 + 1. Let f(l) be the second derivative of -5*l**3/6 - l**2/2 + 65*l. Calculate f(r).
-6
Let i(d) be the second derivative of d**4/12 + 3*d. Let q be (0 + -1)/((-2)/8). Let t(u) = u. Let f(p) = q*i(p) + t(p). Calculate f(1).
5
Let o(i) = -i**2 - 7*i. Suppose 0 = 3*c - 4*w + w, -4*w = 20. Calculate o(c).
10
Let u(a) = -a**2 - 3*a + 1. Let i be 1/((2 + -1)/(-2)). Determine u(i).
3
Let b(y) be the first derivative of y**2 - 5 + 0*y**2 - 4*y + 4 - 6. Give b(3).
2
Let k(j) = -j**2 + j + 3. Let g = 3 + 2. Let p = 9 - g. Determine k(p).
-9
Let g(l) = 7*l**2 - 2*l + 1. Suppose q - 4 = -3*q. Let p be g(q). Let h(n) = -n + 6. Calculate h(p).
0
Let j(i) = -7*i**2 + 1. Let n(v) = v - 6. Let z be n(5). What is j(z)?
-6
Let i(m) = -m**2 - 4*m - 4. Let f(d) = d**3 + 7*d**2 + 8*d + 8. Suppose 11 + 13 = -4*a. Let q be f(a). Give i(q).
-4
Let p = 0 - -5. Let n(a) = -3*a + 5*a - 56 + 59 - a. Calculate n(p).
8
Let n(y) = 3*y**3 + 3*y**2 + 3*y - 13. Let l(s) = 2*s**3 + 2*s**2 + 2*s - 7. Let t(f) = -5*l(f) + 3*n(f). Calculate t(0).
-4
Let l(w) = 3*w**2 + 5*w + 2. Let o(c) = 9*c - 7. Let i(q) = -4*q + 3. Let m(h) = -7*i(h) - 3*o(h). Let u(g) = l(g) - m(g). Determine u(-2).
6
Let u(c) = -2*c**2 + 5*c - 4. Let m(q) = -11*q**2 + 26*q - 25 + 4 + q**2. Let y(x) = -2*m(x) + 11*u(x). Determine y(2).
-4
Let i(y) = -y + 1. Let w(u) = -4*u + 3. Suppose -2*x + x = -5. Let o(p) = x*i(p) - w(p). Determine o(3).
-1
Let y(o) be the second derivative of -1/2*o**3 + 0 + 1/2*o**2 - 2*o. What is y(-3)?
10
Let g(j) = j**3 + 5*j**2 + 2*j - 4. Let c be g(-4). Let w(d) be the third derivative of -d**5/60 + d**4/8 - 2*d**3/3 - 12*d**2. Give w(c).
-8
Suppose 2*s + 4*g - 5 + 7 = 0, 16 = -4*s - 2*g. Let z(x) = -x - 6. Give z(s).
-1
Let t(f) be the first derivative of -f**3/3 + f**2/2 + f - 4. Calculate t(-2).
-5
Suppose -3*h = -0*h - 6. Let w(v) = 3*v - 1. Let j(n) = 3*n - 1. Let m(t) = -6*j(t) + 7*w(t). Calculate m(h).
5
Let o be 0/(-2) - (-10 + 5). Suppose 3*d - 5*d = o*i - 24, 2*i - d = 6. Let z(m) = -2*m + 5*m - m - 4*m + i. What is z(5)?
-6
Let x(z) = z + 2. Let o = 15 - 12. Let g = -6 + o. Determine x(g).
-1
Let b(t) be the second derivative of 0*t**3 + 0 - 2*t - 1/3*t**4 + 5/2*t**2 + 1/20*t**5. What is b(4)?
5
Let t(h) = -h - 9. Suppose -r = 1 + 5. Let s be t(r). Let m(y) = 4*y + 3*y - 6*y. Calculate m(s).
-3
Let c(b) = 5*b + b - b - 3*b. What is c(3)?
6
Let b(o) be the third derivative of -1/60*o**6 + 2*o**2 + 0*o + 0 + 1/24*o**4 - 1/6*o**3 - 1/60*o**5. Let x be ((-1)/(-1) - 5) + 2. Give b(x).
9
Suppose -6*g = 142 - 46. Let w = g + 14. Let z(s) = -s**3 - 4*s**2 + 1. Calculate z(w).
-7
Suppose 5*u - 5 = -15. Let k(p) = -p**3 - 2*p**2 - 3*p - 1. What is k(u)?
5
Let u = 8 - 4. Suppose -12 = a - 6*a + 3*s, -u*s = 3*a - 13. Suppose -4*j = -2*y - 22, a*y - 6 = 4*j - 33. Let d(x) = -x**2 - 6*x - 6. Calculate d(y).
-1
Let s(q) = -q**2 - 